5. Suppose 5*d = 809 + h. Is d a composite number?
False
Suppose 48*m - 75*m + 24111 = 0. Is m prime?
False
Let j = 51195 - -55586. Is j composite?
False
Let c(s) be the third derivative of s**5/4 + 7*s**4/12 + 16*s**3/3 - 22*s**2. Is c(13) prime?
True
Let x = -11342 - -22559. Let w = x - 4654. Is w a prime number?
True
Let j be 2/8 + 231/(-12). Let f = j + 16. Is f/(-24) + 4014/16 prime?
True
Let u = 4653 + 1590. Suppose u = 5*q + 2088. Is q prime?
False
Suppose 2*d + 2*d - 2*j = 194, 3*j = 3*d - 150. Suppose 3*l - 430 = -2*l. Let i = l - d. Is i composite?
True
Suppose -k - 17 = -2*x - 2*x, 5 = x. Suppose 2*f - 25 + 47 = 0. Is (f + 14)*37/k a composite number?
False
Let y(k) = -k + 1. Let x be y(-1). Suppose -3*r = x*l - 72, -2*r + 80 + 23 = 3*l. Is l a prime number?
False
Let i = 4397 - 2688. Is i composite?
False
Suppose -h - 3*o + 26 = 0, -5*h + 47 + 109 = 2*o. Let s be (-7922)/8 + 8/h. Is -4*(s/8 - 4) composite?
True
Let y be 17268/54 + 2/9. Let m = y - -73. Let l = m - 274. Is l a prime number?
False
Let h be (-16)/40 - 1/((-10)/31254). Suppose 2787 = 8*a - h. Is a a composite number?
False
Let b = -2074 + 8673. Is b composite?
False
Let b(x) be the third derivative of 19*x**5/20 - x**4/3 + 3*x**3/2 - 5*x**2. Is b(4) a prime number?
False
Let i = 3431 - 2032. Is i a composite number?
False
Let z = 7906 - 4541. Is z prime?
False
Let v(y) = -63*y**2 - 2. Let p(m) = -63*m**2 - m - 1. Let w(i) = -3*p(i) + 2*v(i). Is w(2) a prime number?
True
Suppose 26 = -3*u - 16. Let c = 17 + u. Suppose 117 = c*g - 2*g - 5*i, -5*g + 633 = -i. Is g a composite number?
False
Suppose -m = 4*j - 318471, -5*j + 94*m + 398100 = 99*m. Is j a composite number?
True
Suppose -v + 3*f + 2 = 0, 0 = 3*v + 2*f - 13 - 4. Is ((-3)/(-4))/(v/5620) composite?
True
Let z(g) = -g**3 + 24*g**2 + g - 24. Let o be z(24). Suppose o = -3*n + 7977 + 3516. Is n a prime number?
False
Let z be (-10)/8*(0 - (296 + 0)). Suppose 5*f - z = -0*f. Is f a composite number?
True
Let i be 3/6 - 14/4 - -3. Is (4 - 2 - i) + 741 a composite number?
False
Suppose -3*i + 9 = 3. Suppose -i*v - 3*v = -15. Suppose k - 25 = n + 33, 9 = -v*n. Is k prime?
False
Let f(p) = 602*p**2 - 18*p - 17. Is f(12) a composite number?
True
Suppose 0 = -44*r + 43*r - 5*c + 4257, 0 = 4*r - 4*c - 17148. Is r composite?
True
Let c be 11*(2 + -1)*-6. Let l = 288 + c. Suppose -3*f = -l + 51. Is f composite?
True
Suppose 2*b - 3*j - 9575 = 0, -3*b + 14369 = -3*j + 5*j. Is b prime?
True
Suppose -5*u - 2 = 13, 4*f + 5*u + 7 = 0. Suppose 5*h - c - 10830 = 0, 6475 = -f*h + 5*h + 4*c. Is h prime?
False
Suppose 8*r - 89812 = 28476. Is r a prime number?
False
Is 17253/15 - 1*(-8)/10 prime?
True
Let v(l) = -2*l**3 - 2*l**2 + l - 2. Let o be v(-2). Suppose o*h + 2 = 14. Suppose 0 = -2*j - b + 143, -j + 3*j - h*b - 123 = 0. Is j a composite number?
True
Suppose 11 = -2*h + 3*h - w, 3*h - 4*w - 34 = 0. Suppose 11*t - 146 = h*t. Is t a prime number?
False
Suppose -2215 = 3*a - 14551. Suppose -5*f + 9*f = -a. Is -3 - -3*f/(-6) composite?
True
Let x(g) = 10*g**3 + 3*g**2 + g - 4. Let p be x(-3). Let s be 6/(-12) - p/(-4). Is s/6*(-104)/12 a composite number?
True
Suppose 0 = -y - 2*i + 1713, 5*y = 22*i - 18*i + 8537. Is y a composite number?
False
Let d(w) = 38*w - 617. Let i be d(28). Let s be 1/3 + (-1877)/(-3). Let q = s - i. Is q a prime number?
True
Let w = 6 - -66. Suppose -2*r - 3*r = -455. Let x = r + w. Is x a prime number?
True
Suppose 14745 = 20*h - 5*h. Is h a prime number?
True
Let b be -2 + 2138/1 - 2*-1. Suppose 3*x - x - b = 0. Is x a composite number?
False
Suppose 0 = -7*d - 14. Is d/(((-8)/(-446))/(-2)) a composite number?
False
Suppose -21*d = -17*d - 12. Suppose -b - 2*t = -4*t + 4, -d*b = -2*t. Suppose h + 0*m = -b*m + 693, 0 = -3*h + 5*m + 2057. Is h composite?
True
Let a be ((-5)/(-4))/(1/4). Suppose a*v = 2*s + 3*s + 1520, -1535 = 5*s - 2*v. Is 1*2/((-6)/s) prime?
True
Suppose -33*u - 232458 + 713169 = 0. Is u a composite number?
True
Suppose -5*d = 149 - 1279. Let u = 84 - d. Let t = 269 + u. Is t a composite number?
False
Suppose -8*y + 3*y = y. Suppose 2*p - 4*p + 412 = y. Is p composite?
True
Suppose 7*m + 4997 = 15546. Is m a composite number?
True
Suppose 8*i = 94138 + 83038. Is i a prime number?
True
Let y be (12/(-10))/(30/(-800)). Is 8464/y + -2 + (-2)/(-4) a prime number?
True
Let v(u) = u**2 - 16*u + 28. Let o be v(14). Suppose o = -7*h + 2*h + 12515. Is h a prime number?
True
Is (174764/8)/(3/6) composite?
False
Suppose -k = -0*k + 4*n + 17, k + 22 = -5*n. Suppose -9*p = -k*p - 40746. Is p prime?
True
Suppose -3*v = 5*k - 11616, 6*k - 3*k = 3*v - 11592. Is v composite?
True
Let m(f) = 10*f**2 - 4*f + 8. Let a be m(5). Let z = -129 + a. Is z prime?
True
Let p(t) = 7*t**2 + 14*t + 13. Let o be (1 + 0)*4 - 16. Is p(o) a composite number?
False
Suppose 4*t - 27531 = -7519. Is t prime?
True
Suppose -2*h = -l - 30718, -4*l + 30718 = 2*h - 2*l. Is h a prime number?
True
Suppose 2*k - 7*k = -2*g - 2271, 0 = 4*g + 12. Suppose -5*v + 2*v + k = 0. Is (v - 2)/(3 - 2) prime?
True
Let c be ((1 + -2)*-3)/1. Is (3/(-6))/(c/(-636)) composite?
True
Let m be (-2 + 3)/(-4)*20/(-1). Suppose 3345 = -0*i + m*i. Is i prime?
False
Let w(a) = -a**2 - 10*a - 12. Let f be w(-6). Suppose 4*n - 15 = h, 2*n + 3*h = 3*n - f. Suppose 0 = -4*k - n*x - x + 156, 5*k = 2*x + 167. Is k composite?
True
Let u = 155 - -27. Let s = 785 + u. Is s prime?
True
Let b(h) = h**2 + 4*h - 2. Let o be b(-4). Let c be (o/3)/((-6)/531). Suppose 0 = -2*u + c + 47. Is u a composite number?
False
Suppose -q - 4*m = m - 32078, 3*q - 96248 = -m. Is q prime?
True
Let r = -170 + 50. Let w(y) = -7*y**3 + 2*y**2 - 2*y + 1. Let f be w(2). Let x = f - r. Is x composite?
True
Let s(m) = -m**3 + 5*m**2 + 15*m - 4. Let o be s(7). Suppose o*y + 5*q + 828 = 4*y, -y + 4*q = -830. Is y a prime number?
False
Let j(w) = -5*w - 5. Let y be j(-1). Suppose y = -r - 2*v + 64, -159 = 2*r - 5*r + 5*v. Is r prime?
False
Suppose l - 5*c + 14140 + 9574 = 0, 10 = 5*c. Is -2*5/70 - l/14 prime?
True
Suppose 5*k + 4*p = 8469, -4*k - p - 1621 + 8394 = 0. Is k a composite number?
False
Suppose -o = -2, 3*g + 2*o + 2*o = 143. Suppose -2*i - g = -467. Is i prime?
True
Let s be (1 - (-4 + 1)) + 0. Suppose -4*r - s*v + 8416 = 0, 12208 - 1684 = 5*r + v. Is r a prime number?
False
Let c = -21752 + 50314. Is c composite?
True
Let g be ((-30)/25)/((-2)/(-20)). Suppose u - 29 + 108 = 0. Let t = g - u. Is t composite?
False
Suppose k - 9528 = 15*z - 16*z, 47649 = 5*z - 4*k. Is z composite?
True
Suppose 2*y = 10 - 2. Suppose 0*b - 4*b + 12 = 0. Is (30/y)/(b/6) a prime number?
False
Let s = -23322 + 33985. Is s composite?
False
Suppose -2*i + 16397 = -86765. Is i composite?
False
Is (1986/5)/(3/(60/8)) a prime number?
False
Let u(n) = 2*n**2 + 14*n + 14. Let q be u(-6). Suppose -5*l = -q*l - 354. Suppose -2*r - l = -5*m + 217, m - 67 = 5*r. Is m prime?
True
Let c(s) be the third derivative of s**5/60 + s**4/12 + 2*s**3/3 + 29*s**2. Let l = 3 + -6. Is c(l) composite?
False
Let q = 827 + -532. Let x = q - 92. Is x a prime number?
False
Let q(u) = 107*u**2 - 6*u + 3. Let i be 96/15 + -6 - (-22)/(-5). Is q(i) composite?
True
Let u(a) = 680*a + 3. Let r be (-2)/(-7) - -1*25/35. Is u(r) prime?
True
Let f be 8/(-60) + (-214)/(-30). Suppose 2*m = -3*g + f*m + 1536, m + 3 = 0. Suppose 3*h - 566 = 2*y + g, -375 = -h + 5*y. Is h a composite number?
True
Let u be -4*4 - (0 - 4). Let i = -14 - u. Is (i - -3 - -516) + -3 a composite number?
True
Is 82862/10 - 5*(-24)/150 composite?
False
Suppose -167 = 3*l - 278. Suppose 4*g = 2*c - 1354, 3*g + 4*c + 998 = 2*c. Let d = l - g. Is d composite?
False
Let u = -51 - -55. Is (2/(-2))/3*(-10333 + u) prime?
False
Let o = -315 + 602. Is o prime?
False
Let p = 10 + -7. Suppose -z - 5*s - 115 = -6*z, 0 = -s + p. Is z a prime number?
False
Let g(l) = l**3 - 8*l**2 + 9*l + 8. Let t be g(10). Let w = t - -12. Suppose w = -7*o + 849. Is o a composite number?
True
Let x be (1 + 2)/(-3) + -2. Is 1/(-3)*3*(x + -4594) a prime number?
True
Let a = 37 - -21. Let d be (-6)/(-36) + a/12. Suppose -d*y + 5*p + 1460 = 0, -2*y - y = 2*p - 861. Is y composite?
True
Let t be (1 - 6)/(1/(-272)). Suppose 8*i = 3*i - t. Let p = -123 - i. Is p a prime number?
True
Suppose -3*z + 0*z + m + 2